. Let b = 68 + -120. Let s = 139 + b. What is the remainder when s is divided by r?
27
Let k be (-2 - -283)*((-1 - -3) + -1). Let w = k - 206. What is the remainder when w is divided by 34?
7
Let m(f) = -54*f + 1861. Calculate the remainder when m(15) is divided by 15.
1
Suppose c + 2*c - 5*z = -700, -z + 692 = -3*c. Let s = 370 + c. Let i = 32 - -16. What is the remainder when s is divided by i?
44
Suppose -4*w + 2*j = 1222, 0 = 4*w - 4*j + 6*j + 1242. Let l be (-15 + 0)/(42/w). Let i = l + -86. What is the remainder when i is divided by 9?
6
Let m = 21618 + -19717. Calculate the remainder when m is divided by 136.
133
Let i be (-3)/(-7) + 487/7. Suppose 0 = -6*b + 50 + i. What is the remainder when b is divided by 1?
0
Let f be 96/72 + (-76)/(-6). Suppose -f*u + 37 + 187 = 0. What is the remainder when 74 is divided by u?
10
Suppose 522 = 3*m - 20*x + 24*x, -353 = -2*m - x. What is the remainder when m is divided by 98?
80
Let q(b) = b**2 + 5*b - 23. Let y = -206 - -209. Calculate the remainder when 12 is divided by q(y).
0
Suppose -171*p + 163*p + 240 = 0. Calculate the remainder when 281 is divided by p.
11
Let l = 18836 - 14999. What is the remainder when l is divided by 6?
3
Let u be (-3 - -2)/((-10)/8 + 1). Suppose 9*l + r = 6*l + 61, -u*l = -5*r - 75. Calculate the remainder when l is divided by 5.
0
Suppose 0 = 5*j - 4*s - 97, 0 = -j - 3*s + 41 - 14. Let v = -194 + 294. What is the remainder when v is divided by j?
16
Suppose 25*v + 989 - 1164 = 0. Let b = -24 - -48. Suppose 3 + b = r. Calculate the remainder when r is divided by v.
6
Suppose 104*g - 100*g = -190 + 922. Calculate the remainder when 4753 is divided by g.
178
Suppose -4*x - 5*s = 8, 13 = 5*x + 2*s + 6. Calculate the remainder when -57*(-4 - 0)/12 is divided by x.
1
Let l(n) = -2*n**2 + 57*n - 196. What is the remainder when 531 is divided by l(22)?
81
Calculate the remainder when 45/(-10) - (-666)/4 is divided by 17.
9
Suppose 3*t - 1064 = 248*z - 244*z, 2*t - 710 = 3*z. Let s = 57 + 2. What is the remainder when t is divided by s?
57
Let g = -25 - -65. Let d = 104 + -51. What is the remainder when d is divided by -24*45/6*(-4)/g?
17
What is the remainder when 0/(-2 + 0) - (920 + -1111) is divided by 22?
15
Let v = 6281 - 6274. Calculate the remainder when 5570 is divided by v.
5
Let v be (1*4/(-2))/(18/(-639)). Let y be 2*v/(-3)*(-45)/6. Suppose 1278 - y = 13*r. Calculate the remainder when r is divided by 12.
11
Let s(p) = -p**3 + p**2 - 2*p - 1. Let h be s(-1). Suppose -120 = c - 4*c - o, -h*o + 160 = 4*c. What is the remainder when (-1)/2 - (-474)/4 is divided by c?
38
Suppose 0 = 29203*j - 29200*j - 2404 + 658. Calculate the remainder when j is divided by 8.
6
Calculate the remainder when 2/18*-2 - (-56257234)/16434 is divided by 286.
277
Let w be 1/(1/(-5)) + 20. Suppose -d - w = -0*v - 2*v, 9 = 2*v + 5*d. Calculate the remainder when 48 is divided by v.
6
What is the remainder when 6/18*(5 - -628) is divided by 23?
4
Let v be (-66)/(-55)*25/1. Suppose 9*n - 10 = 8*n - y, v = 3*n - 4*y. What is the remainder when n is divided by 8?
2
Let c(y) = -2*y**2 + 36*y - 25. What is the remainder when 3/(-15) - 48/(-15) - -62 is divided by c(17)?
2
Suppose 0 = -35*i + 39*i + k - 169, -5*i + 180 = -5*k. Let b(j) = 62*j + 12. Calculate the remainder when b(2) is divided by i.
13
Calculate the remainder when 979 is divided by (94/6)/((2/(-6))/(0 - 1)).
39
Suppose 128*z = 132*z - 32. Suppose -13 = 7*n - 62. Calculate the remainder when n is divided by 5/(-25) + z/(-10) - -3.
1
Let a = -481 + 473. Suppose -279 + 69 = -2*n. Calculate the remainder when n is divided by a/(-52) - 4311/(-117).
31
Suppose 2*m - 2 - 46 = 0. Let t = 28 - m. Suppose -l + q + 44 = 0, 211 = l + 4*l + t*q. Calculate the remainder when l is divided by 4.
3
Let s(c) = -170*c**3 - 15*c**2 - 24*c - 4. Calculate the remainder when s(-2) is divided by 437.
33
Let x(r) = -4*r - 1. Let q be x(-1). Suppose -b = q*i - 173, 0 = -0*b - 3*b - 3*i + 537. Calculate the remainder when b is divided by 61.
60
Let t = 142 - -21. What is the remainder when t is divided by 29?
18
Let o(k) be the third derivative of -k**6/120 + k**5/15 + k**4/4 - 18*k**2. What is the remainder when 16 is divided by o(5)?
1
Let q = 904 - 288. What is the remainder when q is divided by 193?
37
Let w(y) = 2*y**2 - 10*y + 15. What is the remainder when w(7) is divided by 24 + 13 + -36 + 11?
7
Let x be -7 - (-3 - (-2752)/(-8)). Suppose -3*t = -2*c + x, -c + t + 192 = 5*t. Calculate the remainder when c is divided by 26.
20
Let r be (-56)/63 - 7/63. Let n(f) = -39*f**3 + 9*f + 8. Suppose 5*x + 3*q - 2*q - 60 = 0, 0 = -4*x - 2*q + 48. What is the remainder when n(r) is divided by x?
2
Let l be ((-172)/6)/((-36)/54). Let n = 45 - l. Calculate the remainder when n - 0 - -60 - (1 + 2) is divided by 10.
9
Suppose -5*c - 5*j + 985 = 0, -5*c + 4*c = -3*j - 197. Calculate the remainder when 382 is divided by c.
185
Suppose -27*u + 649 = -5*u + 37*u. What is the remainder when 1538 is divided by u?
9
What is the remainder when 1675 is divided by -1 + -3 + (-160 - 12)*-1?
163
Suppose -3*o - r + 2*r = -25, 2*r - 14 = -2*o. Let l(q) = 9*q + o - 2*q + 10*q**2 - 7*q**2. What is the remainder when 167 is divided by l(-4)?
27
Let f be (12 + 0)/((-12)/(-8)). Suppose 7*m = f*m - 29. Let u = m + -17. What is the remainder when 41 is divided by u?
5
Suppose -2*a + 235 = 3*a. Suppose -v - 4*f = -21 - 1, 5*v = 2*f + 44. Suppose 75 = -7*m + v*m. Calculate the remainder when a is divided by m.
22
Suppose 0 = 9*b + 28 - 28. Suppose 7*k - 52 - 109 = b. Calculate the remainder when 182 is divided by k.
21
Suppose 5*h = 2*j - 11, 4*j = h + 7*j - 8. Let b = 3 + h. Let w = 159 - 157. Calculate the remainder when b is divided by w.
0
Let o(f) = -101*f + 48. What is the remainder when 1179 is divided by o(-1)?
136
Let f(z) = -z**3 - 8*z**2 + 7*z - 7. Let k(a) = -3*a**2 + 84*a + 23. Let p be k(27). Let u = 125 - p. Calculate the remainder when u is divided by f(-9).
10
Let w(r) be the second derivative of 0 - 15/2*r**2 - 27*r + 11/6*r**3. What is the remainder when w(14) is divided by 35?
34
Let i = 217 - 215. Suppose 17*t - 12*t - 171 = i*w, 3*t - 102 = w. What is the remainder when 95 is divided by t?
29
Let n(t) = 3*t**2 + 11. Let u be -4 + (-1 - (-74)/2). Let q = u + -37. What is the remainder when n(q) is divided by 44?
42
Let j = 1383 - 366. Calculate the remainder when j is divided by (63 - 0) + 3 + 5*48/(-40).
57
Let x(f) = 381*f + 8005. Calculate the remainder when 3054 is divided by x(-21).
2
Suppose 3*l - 3*i + 0*i - 54 = 0, -i - 2 = 0. Let d = l - 7. Suppose -5*z + x = -101, z + 2*x - 20 - d = 0. What is the remainder when 83 is divided by z?
20
Suppose 0 = -2*q - 26 + 152. Let y = 56 + q. Calculate the remainder when y is divided by 41.
37
Calculate the remainder when 113 is divided by (-239)/(-3) + ((-645)/(-45) - 14).
33
Let w(f) = -391*f + 6131. What is the remainder when 1864 is divided by w(15)?
2
Suppose -5*w + 4*w = -4. Suppose w*f - 14 = -6. Suppose p + 1 = -5*o + 45, -5*o = f*p - 68. What is the remainder when 71 is divided by p?
23
Suppose 410 = 4*k - 558. Suppose -z + 2*c - k = -6*z, 0 = 3*z - 4*c - 140. Calculate the remainder when (-8)/(-3)*(-564)/(-16) is divided by z.
46
Let w = 484 + -275. What is the remainder when w is divided by (-4)/(-7) + 264/28?
9
Let n be 2/(-2)*(13 + -14)*205. Let b = -163 + n. What is the remainder when b is divided by 15?
12
What is the remainder when 27 is divided by (51/(-34))/(4/(-72))?
0
Suppose -47*y + 1260 - 273 = 0. Calculate the remainder when 629 is divided by y.
20
Suppose -4*i + 100 = 4*n, 2*n + 4*i - 50 = 3*i. What is the remainder when 4/(48/(-66))*(-17 + -1) is divided by n?
24
Suppose -j - 9 = -6, -5*n = -5*j - 2600. What is the remainder when n is divided by 103?
2
Let k = -7883 - -8054. Calculate the remainder when k is divided by 131.
40
Suppose 257*j = 254*j - y + 949, -2*j + 610 = -5*y. Calculate the remainder when j is divided by 111.
93
Let f(x) be the second derivative of x**3/6 - 11*x**2 - 13*x. Let m be f(10). What is the remainder when 20*(-2 + (-33)/m) is divided by 11?
4
Suppose -197*i = 4*n - 201*i - 112, 4*i + 162 = 6*n. What is the remainder when 1023 is divided by n?
23
Let i be 3*-1 - (24 +